((-16)/(-6))/(1/(-3)). Let s be (-2)/x - (-2)/(-8). Suppose 4*f - 28 = -2*a, 3*f = -s*a - 3*a + 15. List the prime factors of f.
3
Let u(t) = t**2 - 10*t + 11. Let n be u(9). Suppose n*z = 4*c + 32, 4*c + 65 = 4*z - 19. List the prime factors of z.
2, 13
Let l be 232/28 - 4/14. Suppose -9 = -o + l. List the prime factors of o.
17
Suppose -n + 2*v + 121 = 0, -5*n - v + 501 = -93. What are the prime factors of n?
7, 17
Suppose b - 580 = -5*v, -3*v - b + 232 = -v. What are the prime factors of v?
2, 29
Let d = -2 + 4. Let q = d + -2. What are the prime factors of 0 + (q - (2 - 4))?
2
Suppose 2*q - 37 = 11. Let y be 5/15 - (-49)/(-3). Let m = y + q. List the prime factors of m.
2
Let q(c) = c**3 - 6*c**2 - 6*c - 3. Let f be q(7). Suppose 0 = f*w - 13 - 11. Let j = w + 2. What are the prime factors of j?
2
Let p = -6 - -34. What are the prime factors of p?
2, 7
Suppose -2*s + o - 13 = -0*o, 3*s = 4*o - 22. Let l(x) = x + 14. List the prime factors of l(s).
2
Let c(i) = i**3 - 30*i**2 - 21*i + 28. List the prime factors of c(31).
2, 13
Suppose -5*i = z - 161 - 95, z = i + 256. List the prime factors of z.
2
What are the prime factors of (53 - 1) + 3 + 4 + -3?
2, 7
Let i(z) be the third derivative of -z**4/6 - 2*z**3/3 + 3*z**2. Let a be i(-5). Let s = a + -3. List the prime factors of s.
13
Let r = -34 + 34. Suppose -m - 5 = -2*m. Suppose -3*g = -2*y - 11 - r, 0 = -5*y - m. What are the prime factors of g?
3
Suppose 22*q - 17*q = 340. What are the prime factors of q?
2, 17
Suppose -2*d - 115 = -5*b, 4*b - 3*d = -2*d + 92. Let l = b + -8. Suppose 5*m + 3*r - 64 = 0, -3*r = -5*m - l + 61. What are the prime factors of m?
11
Suppose 2*c - 21 = c. What are the prime factors of (c/9)/(2/6)?
7
What are the prime factors of (9/15)/((-4)/(-1220))?
3, 61
Suppose -14*d = -4*d + 300. Let i(z) = -z**3 - 5*z**2 + z. Let u be i(-4). Let h = u - d. What are the prime factors of h?
2, 5
Let d(p) = -p**3 - 5*p**2 + p + 2. Let w be d(-6). Suppose -2*c = -0*c - w. Let k = c - 10. List the prime factors of k.
2, 3
Suppose -k - 4*k = 30. Suppose -5*u + 42 = -5*a + a, a - 2 = 0. Let v = k + u. List the prime factors of v.
2
Let j = -47 - -303. What are the prime factors of j?
2
Suppose 2*m + 2 - 13 = -i, 5*i = -4*m + 25. Let s be (-30)/3 + 0/i. Let z = 20 + s. List the prime factors of z.
2, 5
Let c = -5 - -6. Let l = -1 + c. Suppose l = -5*q - 19 + 54. What are the prime factors of q?
7
Let n(d) = 2*d + 7. Let w be n(-6). Let f(i) = 2*i**2 + 6*i - 5. What are the prime factors of f(w)?
3, 5
Let r be 1*-2 + 8 + -3. Suppose 6*l - r*l = -36. Let i = -7 - l. What are the prime factors of i?
5
Let q = 19 - 11. List the prime factors of q.
2
Suppose -l + 0*l + 30 = 0. What are the prime factors of (-2)/(1 + l/(-26))?
13
Let p(w) = 2 - 3*w + 3 - 3 + 2*w**2 + 3*w**3. List the prime factors of p(2).
2, 7
Let q(d) = -d**3 - 3*d**2 - 3*d - 1. List the prime factors of q(-4).
3
Let f(n) = n**3 - 4*n**2 - 3*n - 5. Let o be f(4). Let b = o + 29. List the prime factors of b.
2, 3
Suppose -92 = -5*z + 5*w + 78, 0 = 3*w. List the prime factors of z.
2, 17
Suppose 2*d = -0*d + 8. Let h = 34 + -1. Suppose -d*z + h = -z. What are the prime factors of z?
11
Let v be (-912)/(-9) + (-2)/6. Suppose -o = -4*s + 52 + 19, -5*o + v = 4*s. What are the prime factors of s?
19
Let c be 1*4/(12/(-9)). Let n be (2 + c - 2) + 3. Suppose 3*i - u - u - 49 = n, -4*u - 22 = -2*i. What are the prime factors of i?
19
Let y(j) = j + 7. Let s be y(-9). What are the prime factors of s + (-5*2)/(-1)?
2
Let u be 10/25 - (-26)/10. Suppose -3*y + 3*v + 7 = -v, -u*y - v + 17 = 0. What are the prime factors of y?
5
Let m = -3 + 3. Suppose m*c - 4 = 2*c. List the prime factors of (12/(-16))/(c/8).
3
Let w(m) = -2*m**3 + m - 2. Suppose 8*n - 4*n = -v - 5, 5*n = 4*v - 22. List the prime factors of w(n).
2, 3
Suppose 2*l + 4*v = 54, -2*l + 6*l = -5*v + 102. Suppose y + 3*o = l + 5, 48 = 2*y - 2*o. What are the prime factors of y?
5
Let w(f) = -2*f. Let o be w(-1). Suppose 39 = o*k + k. What are the prime factors of k?
13
Suppose 1 = 4*d - 3, d - 6 = -h. Suppose 0*z + 60 = h*z. List the prime factors of z.
2, 3
Let v(m) = -6*m - 1. Let t be v(-12). Suppose -3*d + t = -25. List the prime factors of d.
2
Let j = 101 - 59. List the prime factors of j.
2, 3, 7
Suppose 2*s + 4 = 0, 0*s + 2*s - 544 = -4*r. What are the prime factors of r?
137
Let q = 223 - 79. What are the prime factors of q?
2, 3
Suppose 0 = -3*c - 0*c - 15. Let p(a) = -2*a - 7. Let h be p(c). Suppose 2*q + 0*q = -g + 3, 3*q + h*g = 3. What are the prime factors of q?
2
Let v = -11 + 87. List the prime factors of v.
2, 19
Let g be (0 - (0 - -1)) + -1. Let k = 16 - 24. List the prime factors of g - (k + -2) - 1.
7
Let s = 13 - 7. Suppose 0 = -t - 3*n + s, -3*n + 2*n - 8 = -3*t. Suppose -3*b + 12 - t = 0. List the prime factors of b.
3
Let i(m) = -m**2 + 19*m - 33. List the prime factors of i(15).
3
Let b be -1 + (-6)/(-2) - -31. Suppose -2*t = -3*y - 53, -2*t = 2*y - 0*y + 52. Let a = y + b. What are the prime factors of a?
2, 3
Suppose 0 = -0*k + 3*k - 261. Let y = k + -50. List the prime factors of y.
37
Suppose -2 - 13 = -3*u. Suppose 2*o + 25 = 3*y - 5, 0 = -u*y - 2*o + 66. List the prime factors of -18*(-3)/y*2.
3
Let a(x) be the first derivative of 3*x**2/2 + 4*x + 7. Suppose -3*m + d = -14, -m + d = 4*d + 2. List the prime factors of a(m).
2
Let r = -126 + 214. What are the prime factors of r?
2, 11
Let u(d) = -d**2 + 9*d - 9. Let f be u(8). Let l(y) = 6*y**2 - y - 1. Let k be l(f). Let n = k + -4. List the prime factors of n.
2
Let x = -8 - -7. What are the prime factors of ((-29)/(-2) + x)*2?
3
Let u(j) = -j**3 - 3*j**2 + j + 5. Let s(p) = 8*p**2 + p - 1. Let x be s(1). Suppose -2*h + 0*h = x. What are the prime factors of u(h)?
17
Suppose 3*a - 2*a = 5. List the prime factors of a.
5
Suppose -q - 4*m + 13 = -3, 0 = q + 3*m - 21. Suppose 0*w = -3*w + q. What are the prime factors of (-9)/w - (-166)/8?
2, 5
Let g(k) = -k - 20. What are the prime factors of g(-23)?
3
List the prime factors of -7*((-8)/4)/2.
7
Let t(p) = p**2 + 5 + 10*p + 0*p**2 - 2*p**2. Let x be t(10). Let c = 20 - x. List the prime factors of c.
3, 5
Suppose k - 1009 = -5*g, k = g - 0*g - 197. List the prime factors of g.
3, 67
What are the prime factors of -174*(4 + (-13)/3)?
2, 29
Suppose -1136 - 1024 = -9*a. List the prime factors of a.
2, 3, 5
Let n = 34 + -24. Suppose 0 = -3*m - 2 + 44. Let f = m - n. What are the prime factors of f?
2
Let k(i) = -i**2 - 5*i - 4. Let d be k(-4). Suppose -2*f - f + 54 = d. List the prime factors of f.
2, 3
What are the prime factors of (4 + 0)*1 + 2?
2, 3
Suppose 0 = -5*w - 4*c + 11, 0*w + c - 5 = -2*w. Suppose 0 = -w*p + 40 + 41. Suppose 0 = -4*y + y + p. What are the prime factors of y?
3
Let o(b) = b**3 + 13*b**2 + 5*b + 9. List the prime factors of o(-12).
3, 31
Let u = -4 - -12. Suppose -3*v = -0*v + 3. Let l = v + u. List the prime factors of l.
7
Suppose 0 = 2*m - 7*m - 4*d + 524, 5*d = 5. What are the prime factors of m?
2, 13
Let g = 9 + 0. What are the prime factors of g?
3
Suppose -3*t = 3*z - 120, 3*t - 161 = -0*z - 4*z. What are the prime factors of z?
41
Suppose -3*s + 5*a - 1 = 0, -5*s + 3*a - 3 = 20. What are the prime factors of s/2*(0 - 4)?
2, 7
Let v = 11 - 5. What are the prime factors of 10/(-8)*(-24)/v?
5
Suppose 12 + 11 = 4*m + 3*f, -3*m = 4*f - 26. Let w be m + 2 + 70 + 3. Suppose -5*p = -3*l - w, 0*p + 4*p + 5*l = 32. What are the prime factors of p?
13
Let j be 12*(-1 + 3/2). Suppose 0 = -8*d + 4*d + 12. Suppose d*t + j = 6*t. List the prime factors of t.
2
Let s = -6 + 9. Let y = 5 - s. What are the prime factors of y?
2
What are the prime factors of 2/((1 + 2)/54)?
2, 3
Let t(v) = v**3 - 11*v**2 + 12*v - 15. Let m be t(10). Suppose 4*a = -m*p + 34, 0 = 3*p - 5*a - 38 - 12. What are the prime factors of p?
2, 5
Let d be (6 - -2) + 0 + -2. List the prime factors of ((-3)/d)/((-2)/28).
7
Suppose 25*q = 26*q - 7. List the prime factors of q.
7
Suppose 0*k - k = -7. List the prime factors of 13/2 + k/14.
7
Let t = -4 + 5. Let m(g) = -t - 1 - 2*g + 3*g. What are the prime factors of m(6)?
2
Suppose d - 3*z - 3 = -3*d, z - 15 = -4*d. What are the prime factors of 28 + 3*(d - 4)?
5
What are the prime factors of -2*(146/(-4) 